{"id":171,"date":"2023-11-19T00:24:34","date_gmt":"2023-11-19T03:24:34","guid":{"rendered":"https:\/\/silvamanta.com\/index.php\/terminos-y-servicios\/"},"modified":"2024-07-20T20:10:51","modified_gmt":"2024-07-20T23:10:51","slug":"terminos-y-servicios","status":"publish","type":"page","link":"https:\/\/silvamanta.com\/index.php\/terminos-y-servicios\/","title":{"rendered":"T\u00e9rminos y Servicios"},"content":{"rendered":"\n    \n    <section class=\"u-align-left u-clearfix u-gradient u-section-2\" id=\"sec-fdaa\">\n      <div class=\"u-clearfix u-sheet u-sheet-1\">\n        <h2 class=\"u-align-center u-custom-font u-font-montserrat u-text u-text-1\">T\u00e9rminos &amp; Servicio<\/h2>\n        <p class=\"u-align-center u-large-text u-text u-text-variant u-text-2\"> Bienvenido a Silva\nManta &amp; Asociados. Estos T\u00e9rminos y Condiciones de Servicio (en adelante,\n\"T\u00e9rminos\") rigen el uso de nuestros servicios de asesor\u00eda jur\u00eddica y\ncontable. Al acceder y utilizar nuestros servicios, usted acepta estar sujeto a\nestos T\u00e9rminos. Le recomendamos leer estos T\u00e9rminos detenidamente antes de\nutilizar nuestros servicios.<\/p>\n        <div class=\"u-expanded-width u-list u-list-1\">\n          <div class=\"u-repeater u-repeater-1\">\n            <div class=\"u-align-left u-container-style u-custom-item u-list-item u-repeater-item u-shape-rectangle\">\n              <div class=\"u-container-layout u-similar-container u-valign-top u-container-layout-1\">\n                <div class=\"u-align-center u-container-style u-custom-item u-group u-palette-1-base u-radius-50 u-shape-round u-group-1\" data-animation-name=\"customAnimationIn\" data-animation-duration=\"2000\">\n                  <div class=\"u-container-layout u-valign-middle\">\n                    <h5 class=\"u-custom-font u-font-ubuntu u-text u-text-default u-text-3\">01<\/h5>\n                  <\/div>\n                <\/div>\n                <p class=\"u-text u-text-4\"><b>Servicios Ofrecidos<\/b> Silva Manta &amp;\nAsociados ofrece servicios de asesor\u00eda legal y contable a particulares y\nempresas. Nuestros servicios incluyen, pero no se limitan a:&nbsp;Asesor\u00eda legal en diversas \u00e1reas del derecho. -&nbsp;Servicios contables y fiscales.&nbsp;- Representaci\u00f3n legal en procedimientos judiciales\n     y - administrativos&nbsp;- Consultor\u00eda legal y estrat\u00e9gica. \n                <\/p>\n              <\/div>\n            <\/div>\n            <div class=\"u-align-left u-container-style u-custom-item u-list-item u-repeater-item u-shape-rectangle\">\n              <div class=\"u-container-layout u-similar-container u-valign-top u-container-layout-3\">\n                <div class=\"u-align-center u-container-style u-custom-item u-group u-palette-1-base u-radius-50 u-shape-round u-group-2\" data-animation-name=\"customAnimationIn\" data-animation-duration=\"2000\">\n                  <div class=\"u-container-layout u-valign-middle\">\n                    <h5 class=\"u-custom-font u-font-ubuntu u-text u-text-default u-text-5\">02<\/h5>\n                  <\/div>\n                <\/div>\n                <p class=\"u-text u-text-6\"><b>Confidencialidad<\/b> Entendemos la\nimportancia de la confidencialidad en asuntos legales y contables. Todos los\ndatos e informaci\u00f3n proporcionados por los clientes se mantendr\u00e1n estrictamente\nconfidenciales, de conformidad con las leyes aplicables y los est\u00e1ndares \u00e9ticos\nprofesionales. \n                <\/p>\n              <\/div>\n            <\/div>\n            <div class=\"u-align-left u-container-style u-custom-item u-list-item u-repeater-item u-shape-rectangle\">\n              <div class=\"u-container-layout u-similar-container u-valign-top u-container-layout-5\">\n                <div class=\"u-align-center u-container-style u-custom-item u-group u-palette-1-base u-radius-50 u-shape-round u-group-3\" data-animation-name=\"customAnimationIn\" data-animation-duration=\"2000\">\n                  <div class=\"u-container-layout u-valign-middle\">\n                    <h5 class=\"u-custom-font u-font-ubuntu u-text u-text-default u-text-7\">03<\/h5>\n                  <\/div>\n                <\/div>\n                <p class=\"u-text u-text-8\"><b>Honorarios y Facturaci\u00f3n<\/b> Los honorarios y las\ntarifas por nuestros servicios se acordar\u00e1n en un contrato de servicios\nespec\u00edfico con cada cliente. Las tarifas pueden variar seg\u00fan la complejidad del\ncaso y los servicios prestados. Las facturas ser\u00e1n emitidas de acuerdo con los\nt\u00e9rminos establecidos en el contrato. \n                <\/p>\n              <\/div>\n            <\/div>\n            <div class=\"u-align-left u-container-style u-custom-item u-list-item u-repeater-item u-shape-rectangle\">\n              <div class=\"u-container-layout u-similar-container u-valign-top u-container-layout-7\">\n                <div class=\"u-align-center u-container-style u-custom-item u-group u-palette-1-base u-radius-50 u-shape-round u-group-4\" data-animation-name=\"customAnimationIn\" data-animation-duration=\"2000\">\n                  <div class=\"u-container-layout u-valign-middle\">\n                    <h5 class=\"u-custom-font u-font-ubuntu u-text u-text-default u-text-9\">04<\/h5>\n                  <\/div>\n                <\/div>\n                <p class=\"u-text u-text-10\"><b>Responsabilidad Legal<\/b> Silva Manta &amp;\nAsociados se esforzar\u00e1 por brindar servicios de alta calidad y precisi\u00f3n. Sin\nembargo, no podemos garantizar resultados espec\u00edficos en asuntos legales o\ncontables. Nuestra responsabilidad se limita a la prestaci\u00f3n de servicios\nprofesionales con el debido cuidado y diligencia. \n                <\/p>\n              <\/div>\n            <\/div>\n            <div class=\"u-align-left u-container-style u-custom-item u-list-item u-repeater-item u-shape-rectangle\">\n              <div class=\"u-container-layout u-similar-container u-valign-top u-container-layout-9\">\n                <div class=\"u-align-center u-container-style u-custom-item u-group u-palette-1-base u-radius-50 u-shape-round u-group-5\" data-animation-name=\"customAnimationIn\" data-animation-duration=\"2000\">\n                  <div class=\"u-container-layout u-valign-middle\">\n                    <h5 class=\"u-custom-font u-font-ubuntu u-text u-text-default u-text-11\">05<\/h5>\n                  <\/div>\n                <\/div>\n                <p class=\"u-text u-text-12\"><b>Resoluci\u00f3n de Disputas<\/b> Cualquier disputa que\nsurja de o est\u00e9 relacionada con nuestros servicios se resolver\u00e1 mediante\nnegociaci\u00f3n, mediaci\u00f3n o arbitraje, de conformidad con los procedimientos de\nresoluci\u00f3n de disputas establecidos en el contrato de servicios. \n                <\/p>\n              <\/div>\n            <\/div>\n            <div class=\"u-align-left u-container-style u-custom-item u-list-item u-repeater-item u-shape-rectangle\">\n              <div class=\"u-container-layout u-similar-container u-valign-top u-container-layout-11\">\n                <div class=\"u-align-center u-container-style u-custom-item u-group u-palette-1-base u-radius-50 u-shape-round u-group-6\" data-animation-name=\"customAnimationIn\" data-animation-duration=\"2000\">\n                  <div class=\"u-container-layout u-valign-middle\">\n                    <h5 class=\"u-custom-font u-font-ubuntu u-text u-text-default u-text-13\">06<\/h5>\n                  <\/div>\n                <\/div>\n                <p class=\"u-text u-text-14\"><b>Modificaciones a los T\u00e9rminos<\/b> Silva Manta &amp; Asociados\nse reserva el derecho de modificar estos T\u00e9rminos en cualquier momento. Los\ncambios entrar\u00e1n en vigencia una vez que se publiquen en nuestro sitio web. Es\nresponsabilidad del cliente revisar peri\u00f3dicamente los T\u00e9rminos para estar al\ntanto de las actualizaciones. \n                <\/p>\n              <\/div>\n            <\/div>\n            <div class=\"u-align-left u-container-style u-custom-item u-list-item u-repeater-item u-shape-rectangle\">\n              <div class=\"u-container-layout u-similar-container u-valign-top u-container-layout-13\">\n                <div class=\"u-align-center u-container-style u-custom-item u-group u-palette-1-base u-radius-50 u-shape-round u-group-7\" data-animation-name=\"customAnimationIn\" data-animation-duration=\"2000\">\n                  <div class=\"u-container-layout u-valign-middle\">\n                    <h5 class=\"u-custom-font u-font-ubuntu u-text u-text-default u-text-15\">07<\/h5>\n                  <\/div>\n                <\/div>\n                <p class=\"u-text u-text-16\"><b>Ley Aplicable<\/b> Estos T\u00e9rminos se\nregir\u00e1n por las leyes del pa\u00eds en el que Silva Manta &amp; Asociados tiene su\nsede legal. \n                <\/p>\n              <\/div>\n            <\/div>\n            <div class=\"u-align-left u-container-style u-custom-item u-list-item u-repeater-item u-shape-rectangle\">\n              <div class=\"u-container-layout u-similar-container u-valign-top u-container-layout-15\">\n                <div class=\"u-align-center u-container-style u-custom-item u-group u-palette-1-base u-radius-50 u-shape-round u-group-8\" data-animation-name=\"customAnimationIn\" data-animation-duration=\"2000\">\n                  <div class=\"u-container-layout u-valign-middle\">\n                    <h5 class=\"u-custom-font u-font-ubuntu u-text u-text-default u-text-17\">08<\/h5>\n                  <\/div>\n                <\/div>\n                <p class=\"u-text u-text-18\"><b>Contacto<\/b> Si tiene alguna\npregunta o inquietud con respecto a estos T\u00e9rminos, no dude en ponerse en\ncontacto con nosotros a trav\u00e9s de los medios proporcionados en nuestro sitio\nweb.\nEstos T\u00e9rminos y\nCondiciones de Servicio representan un acuerdo legal entre Silva Manta &amp;\nAsociados y sus clientes. Al utilizar nuestros servicios, los clientes aceptan\nestos t\u00e9rminos y condiciones. \n                <\/p>\n              <\/div>\n            <\/div>\n          <\/div>\n        <\/div>\n      <\/div>\n    <\/section>\n    \n    \n    \n  \n","protected":false},"excerpt":{"rendered":"<p>T\u00e9rminos &amp; Servicio Bienvenido a Silva Manta &amp; Asociados. Estos T\u00e9rminos y Condiciones de Servicio (en adelante, &#8220;T\u00e9rminos&#8221;) rigen el uso de nuestros servicios de asesor\u00eda jur\u00eddica y contable. Al acceder y utilizar nuestros servicios, usted acepta estar sujeto a estos T\u00e9rminos. Le recomendamos leer estos T\u00e9rminos detenidamente antes de utilizar nuestros servicios. 01 Servicios &hellip; <a href=\"https:\/\/silvamanta.com\/index.php\/terminos-y-servicios\/\" class=\"more-link\">Continue reading<span class=\"screen-reader-text\"> &#8220;T\u00e9rminos y Servicios&#8221;<\/span><\/a><\/p>\n","protected":false},"author":1,"featured_media":0,"parent":0,"menu_order":9,"comment_status":"closed","ping_status":"closed","template":"","meta":{"_themeisle_gutenberg_block_has_review":false,"footnotes":""},"class_list":["post-171","page","type-page","status-publish","hentry"],"_links":{"self":[{"href":"https:\/\/silvamanta.com\/index.php\/wp-json\/wp\/v2\/pages\/171","targetHints":{"allow":["GET"]}}],"collection":[{"href":"https:\/\/silvamanta.com\/index.php\/wp-json\/wp\/v2\/pages"}],"about":[{"href":"https:\/\/silvamanta.com\/index.php\/wp-json\/wp\/v2\/types\/page"}],"author":[{"embeddable":true,"href":"https:\/\/silvamanta.com\/index.php\/wp-json\/wp\/v2\/users\/1"}],"replies":[{"embeddable":true,"href":"https:\/\/silvamanta.com\/index.php\/wp-json\/wp\/v2\/comments?post=171"}],"version-history":[{"count":1,"href":"https:\/\/silvamanta.com\/index.php\/wp-json\/wp\/v2\/pages\/171\/revisions"}],"predecessor-version":[{"id":185,"href":"https:\/\/silvamanta.com\/index.php\/wp-json\/wp\/v2\/pages\/171\/revisions\/185"}],"wp:attachment":[{"href":"https:\/\/silvamanta.com\/index.php\/wp-json\/wp\/v2\/media?parent=171"}],"curies":[{"name":"wp","href":"https:\/\/api.w.org\/{rel}","templated":true}]}}